t q be c(20). Suppose -f + 4 = q, -24*t + 29*t + 3*f - 347 = 0. What is the tens digit of t?
6
Suppose -j + 4*h + 32020 = 0, 5*j + 5*h = 86964 + 73061. What is the ten thousands digit of j?
3
Let p(m) = 114*m**2 - 34 + 15*m - 1 + 9. What is the tens digit of p(2)?
6
Let s(q) = 2234*q**2 - 322*q - 646. What is the units digit of s(-2)?
4
Suppose 3*r = -u + 5*r + 17717, -u + 17732 = r. Suppose -8*h + u = 6631. What is the thousands digit of h?
1
Let f = 54 + -51. Suppose -1 = -2*p - f*n, 11 = 4*p - n + 4*n. Suppose -3*y + 398 = p*a, 8 = -0*y - 2*y. What is the units digit of a?
2
Suppose 5*j + 6*j + j = 132756. What is the thousands digit of j?
1
Suppose -3 = -v - 0. Suppose -2*x - 2*o - 306 = 0, -v*x - 597 = x + o. Let w = x - -246. What is the tens digit of w?
9
Let o = -48 - -55. Let h be 3 + 20/(-5) + o. What is the tens digit of (h/(-9))/1 + 728/12?
6
Let n(y) = 19591*y - 8. What is the tens digit of n(2)?
7
Suppose 0 = 6*k - 210 - 186. Suppose 0 = 30*c - 28*c - k. Suppose b - c + 4 = 0. What is the tens digit of b?
2
Suppose 0 = 5*z + f - 19, -5*f = z - 4*z + 17. Suppose s = -z*i + 194, -5*s + 6*i - i = -995. What is the units digit of s?
8
Let x = -395 + 766. Let w = x - 65. What is the units digit of w?
6
Let j(y) = 4073*y**2 + 81*y + 3. What is the hundreds digit of j(-2)?
1
Let q be 2/6 + (-30)/(-18) - -177. Let i = 534 - q. What is the units digit of i?
5
Suppose -2*k - 5*o = -39, 2*o - 71 = -3*k - 3*o. Let t(x) = -x - 24. Let m be t(0). Let z = m + k. What is the units digit of z?
8
Let k = -12 - -14. Let w be (6 - 2)/(k/(1 - -1)). What is the units digit of 224/36 + w + 4/(-18)?
0
Suppose 25*w - 35402 = -5*w + 28*w. What is the thousands digit of w?
7
Let c(t) = 3271*t + 3160. What is the tens digit of c(6)?
8
Suppose 11*d - 4400 = 9*d + 2*u, 0 = 3*d - 2*u - 6601. Suppose 3*s - s + y = 1099, 0 = -4*s - y + d. What is the tens digit of s?
5
Let g(j) = 412*j**3 - 7*j**2 - 5*j - 25. What is the tens digit of g(5)?
7
Let f = -34608 + 34834. What is the units digit of f?
6
Let m = -221 - -225. Suppose -m*j = 4*z - 952, 0*j - j + 2 = 0. What is the tens digit of z?
3
What is the hundreds digit of (-18257)/(-4) - 2 - (-10 + (-450)/(-40))?
5
Suppose 1622*x = 1630*x + 32. Let m(b) be the second derivative of -b**4/12 - 31*b**3/6 - 3*b**2 + b. What is the units digit of m(x)?
2
Suppose -f - 414 = -419. Suppose 445 = 3*i - 2*b, -2*i + 6*b = f*b - 296. What is the hundreds digit of i?
1
Suppose 4*a = 0, 26*v + 5*a - 8 = 24*v. What is the hundreds digit of 4/(-10) - v/(140/(-6209))?
1
Suppose 50*p = 648990 + 450610. What is the ten thousands digit of p?
2
Let j be 4/(-22) + 765/33 + -4. Let p = 146 + j. What is the units digit of p?
5
Let i(t) = 4*t - 2*t - 6 - 2. Let b be i(6). Suppose -b*w = -12*w + 696. What is the tens digit of w?
8
Suppose -n - 5*y + 42774 = 1263, -n = 4*y - 41507. What is the ten thousands digit of n?
4
Let m = -4259 - -12068. What is the thousands digit of m?
7
Suppose -4*y = 4*c - 5424, -5*c = -3*y + y - 6752. Suppose 4*r - c = -5*u, 0 = u + u + r - 539. Suppose 7*x - u = 3*x. What is the units digit of x?
7
Let t = -78337 - -138286. What is the units digit of t?
9
Let b = 5005 + -4298. What is the hundreds digit of b?
7
Let u be (1 - 284)/(-3 - (-21)/6). Let h = 991 + u. What is the units digit of h?
5
Let a = -11155 + 15623. What is the units digit of a?
8
Suppose -5*t - 4*v = -684, -3*t + 4*v + 406 = 2*v. Let g = t + -65. Let l = g + -31. What is the tens digit of l?
4
Suppose 6*x + 7*x = 91. Let w be 6765/x - (-16)/84*3. What is the tens digit of (-1 - w)/(-4) - -1?
4
Let z = 299 + -623. What is the hundreds digit of (4 - 3) + (-3 - z)?
3
Suppose -847564 - 963127 = -162*y - 62549. What is the thousands digit of y?
0
Suppose 4*b + 11 + 9 = 0. Let x(d) = -3*d**2 + d - 3. Let j(f) = 7*f**2 - f + 5. Let c(n) = b*x(n) - 2*j(n). What is the units digit of c(-6)?
9
Suppose 302*r = 128*r + 4583682. What is the ten thousands digit of r?
2
Suppose 0 = -25*o - 6*o + 51*o - 139360. What is the units digit of o?
8
Let u = -141 + 7461. What is the hundreds digit of u?
3
Suppose 2149*p + 299646 = 2167*p. What is the ten thousands digit of p?
1
Let k(h) = 490*h**2 + 19*h - 5. What is the units digit of k(-2)?
7
Let h = -12481 - -38429. What is the hundreds digit of h?
9
What is the tens digit of (-14)/8 + 1050/504 + (-27843)/(-9)?
9
Let t = -40 + 56. Suppose -5*v = -63 - 12. What is the tens digit of (t - v)/((-2)/(-142))?
7
Let i = -137 - -81. Let v = i + 173. Suppose 3*d = -k - k + v, 0 = 2*k. What is the tens digit of d?
3
Let q = 102 + -97. Let p be 10/(-4)*(q - (-43)/(-5)). Suppose 3*t + 601 = 4*a, -p*a + 6*a + 448 = -5*t. What is the units digit of a?
1
Let z = 17141 - 10898. What is the tens digit of z?
4
Let y(t) = -t**3 + 8*t**2 - t + 11. Let i be y(8). Suppose 24 = 9*w - i. Suppose -w*n + 2*n + 3 = 0, 5*a - 35 = 5*n. What is the tens digit of a?
1
Let l = 7082 - 4447. Let h = l + -1326. What is the units digit of h?
9
Let b be 2 + 36/(-21) - (-24)/14. Suppose -b*r = -7*r - 560. Let c = 18 - r. What is the units digit of c?
0
Let d(h) = -h**2 - 9*h - 16. Let y be d(-6). Suppose -55 = 7*b - y*b. Let u = 63 + b. What is the units digit of u?
2
Let g = 2665 - 1037. Let w = g - 1083. What is the hundreds digit of w?
5
Suppose 354570 = 93*a + 117978. What is the thousands digit of a?
2
Let g(h) = 0*h + h + 64 + 0*h**2 + 228 - h**2. Let o be g(0). Suppose 5*p = 2*p + 4*f + 240, 4*p + 4*f = o. What is the tens digit of p?
7
Suppose 40*a - 2766 = 34*a. Suppose 0 = 15*m - a - 1249. What is the units digit of m?
4
Suppose -7641 = -3*d - 11*t + 5*t, 0 = -d + 5*t + 2575. What is the hundreds digit of d?
5
Let l = 273 + -274. What is the tens digit of (-849)/(-4) - (18/(-24) - l)?
1
Let m(u) = 5*u**2 + 32*u - 34. Let b be m(-15). What is the tens digit of ((-12)/1)/(-6) + b?
1
Let x = 79 - -96. Let d = 115 + x. What is the hundreds digit of d?
2
Let x(z) be the third derivative of 23*z**4/24 + z**3/6 + 13*z**2. Let j be x(1). Suppose -2*t + j = 2*t - 4*k, 0 = -5*k - 10. What is the units digit of t?
4
Let q be -1*(6 + -16) + -5. Suppose 4*b + q*l - 128 = 0, 0 = -7*l + 3*l. What is the tens digit of b?
3
Suppose -x + 3*i = 5*i - 1091, -3*i - 15 = 0. Suppose 20*l - 23*l = -x. What is the hundreds digit of l?
3
Let p(z) = -133*z - 40. What is the units digit of p(-9)?
7
Suppose 4*m + k + 0 - 11 = 0, 3*k = -5*m + 12. Suppose -3*x - j + 955 = 0, 542 - 1482 = -m*x - 4*j. What is the tens digit of x?
2
What is the tens digit of (-12204)/(-10) + (0 - -1)*40/(-100)?
2
Let l be 3/(-3 - 0) - -84. Let c(s) = -4*s + 4. Let u be c(1). What is the units digit of 15 - 11 - (u - l)?
7
Let j = -691 - -1016. Suppose -m + 2*c - 4*c = -317, -m + 2*c = -j. What is the tens digit of m?
2
Suppose a = 3*g + 19486, 0 = -2*g - 5 + 13. What is the tens digit of a?
9
What is the tens digit of (9385/10)/(1 - 232/240)?
5
Let l = 9 + -7. Suppose -l*x + 2*o = -16, 2*x + 3*x + o - 16 = 0. What is the tens digit of 106/x + (-5)/(-2)?
2
Let u be (-20)/(-110) - (-126)/33. Suppose -6*c - u*q - 27 = -7*c, -2*c - 2*q + 24 = 0. What is the units digit of c?
5
Let c(s) = s**2 - s - 2. Let b be c(2). Let d(u) = u**3 - 6*u**2 + u - 2. Let m be d(7). Suppose 2*k - 46 - m = b. What is the tens digit of k?
5
Let u(t) be the first derivative of -t**2/2 - 7*t - 24. Let m(n) = 2*n + 6. Let s(g) = -3*m(g) - 4*u(g). What is the units digit of s(-15)?
0
Let y = 62726 - 20839. What is the hundreds digit of y?
8
Let f(c) = -342*c**3 - c**2 - 7*c - 18. What is the tens digit of f(-2)?
2
Let n = 91315 + -26785. What is the hundreds digit of n?
5
What is the thousands digit of -22*1 - (-30462 + 31)?
0
Let n(b) = 44*b**2 - 80*b + 870. What is the tens digit of n(16)?
5
Let z = -559 + -217. Let q = -335 - z. Suppose 5*u = q + 414. What is the hundreds digit of u?
1
Let c(p) = 5*p + 3. Let s be c(1). Suppose -90 = s*i + 942. Let l = i - -243. What is the units digit of l?
4
Let u(l) = -273*l + 274. What is the units digit of u(-38)?
8
Let j(a) = 231*a + 1256. What is the tens digit of j(37)?
0
Suppose 0 = 3*v + 2*v + 10, v = -3*m + 31. Suppose 63 = 148*n - 127*n. Suppose j - m = n*y, 9*j = 11*j - 3*y - 19. What is the units digit of j?
8
Let h = 48106 - 33771. What is the ten thousands digit